nd 9?
1
Suppose 7*b = 3*b + 4*j + 1108, -b - 4*j + 257 = 0. Calculate the greatest common factor of b and 26.
13
Let l = 22 + -4. Let f be 10/(-45) - (-4)/l. Suppose f = -2*w + 5*w + 3*b - 30, -2*w - b + 19 = 0. What is the greatest common divisor of w and 36?
9
Suppose -5*f + 20 = -2*f - 2*w, f = -5*w + 1. Calculate the greatest common factor of 174 and f.
6
Suppose 4*v - 24 = 4*b, 4*v - 24 = -58*b + 53*b. What is the greatest common factor of v and 486?
6
Let k be (-48)/(-8)*(-15)/(-9). What is the greatest common divisor of k and 410?
10
Let f be ((-36)/(-63))/((-4)/(-14)). Let z be (3 - f) + (0 - -2). Calculate the greatest common divisor of z and 15.
3
Suppose -44 = -4*y + 4. Suppose -34 = -2*g + 4*h, 2*g - 3*g + h = -y. What is the highest common divisor of 7 and g?
7
Suppose 2*b + 3*b = -35. Suppose 0 = o + o + 6, 3*o = -k - 24. Let q = b - k. Calculate the highest common factor of q and 20.
4
Let k(r) = 3*r + 20. Let j(i) = -1. Let v(m) = -6*j(m) - k(m). Let d be v(-5). Calculate the greatest common divisor of d and 9.
1
Let h(z) = z**2 + 5*z - 22. Let l be h(-9). Suppose b - 19 = 2*o, -3*b + o = -l - 18. What is the highest common divisor of b and 9?
9
Let w = -279 + 329. What is the highest common divisor of 175 and w?
25
Suppose 19*m - 23*m + 4*t + 124 = 0, 5*m - 155 = t. What is the highest common divisor of 403 and m?
31
Let x(b) = 16*b**2 + 3*b - 5. Let v be x(4). Let f = -171 + v. Suppose 2*s + 3*d = 46, 5*s - 115 = -2*d + 5*d. What is the highest common divisor of f and s?
23
Let q(y) = -74*y + 327. Let h be q(3). Calculate the highest common divisor of h and 10.
5
Suppose -3*u + 4*u - 36 = 0. Suppose 31 = 3*m - 5*h - 3, 0 = 4*m - 2*h - u. What is the highest common factor of 8 and m?
8
Let u(n) = -n**3 + 3*n**2 + 4*n + 1. Let g be u(3). Suppose 14*k + 562 = -154*k + 24586. What is the greatest common divisor of k and g?
13
Let v(s) = 42 - s + 2*s - 32. Let y be v(-12). Let n be 4/y*85/(-2). Calculate the highest common divisor of n and 34.
17
Let o be (-5)/15*-3*22. What is the greatest common divisor of o and 77?
11
Let k(r) = -137*r**3 - r**2 + 2*r + 2. Let s be k(-1). Let b = s + -135. Calculate the greatest common factor of 12 and b.
1
Let y(d) = -d**3 + 5*d**2 + 11*d - 51. Let w be y(5). What is the greatest common divisor of 212 and w?
4
Let p = -150 + 397. What is the highest common factor of p and 38?
19
Let t(f) = f**3 + 5*f - 8. Let m be t(2). Suppose 79 = 5*g + 29. Calculate the highest common divisor of m and g.
10
Let s = -3 - -2. Let z be s/(-1) - (1 - 2). Let w(h) = -h**2 - 34*h + 82. Let o be w(-36). Calculate the greatest common divisor of o and z.
2
Let n(o) = -20*o**3 - 2*o**2 + 2. Let t be n(-2). What is the highest common divisor of 22 and t?
22
Suppose 11*q = 13577 - 2291. What is the highest common factor of q and 18?
18
Suppose -3*u + 0*u = 5*z - 1006, 2*u = -6. Let h(r) = 18*r + 6. Let o be h(-8). Let w = o + z. What is the greatest common divisor of w and 26?
13
Suppose 3*z + 840 = 10*z. Suppose 5*p - z = p. Suppose p = 3*r - 18. What is the highest common divisor of 96 and r?
16
Suppose v - 11 - 5 = 0. Let u = -12 + v. Suppose u*i - 108 = -4*j, i + 2*i - 129 = -5*j. What is the highest common divisor of j and 192?
24
Let m = -639 - -652. Calculate the highest common factor of 2132 and m.
13
Let v be 3/(-10) + (-603)/(-10). What is the highest common divisor of 9 and v?
3
Suppose 152 = 5*z + 32. Let d = -58 + 106. What is the greatest common factor of z and d?
24
Let l = 587 - 530. What is the greatest common divisor of 6 and l?
3
Suppose -3*t - 183 = -3*h, -3*h + t + 191 = 18. Let w be (-9)/(108/32)*-3. Calculate the highest common factor of w and h.
8
Let p = 65 - 38. Let h be p*((-14)/(-6) + 3). Suppose 5*z - 2*n - 79 = 243, 0 = -2*z - 3*n + h. Calculate the greatest common divisor of z and 6.
6
Suppose 8*c = -4*c + 72. Let g(h) = h**3 - h + 1. Let w be g(1). Suppose -n + c = -w. Calculate the highest common factor of n and 77.
7
Suppose 75 = 3*g + 3*c, c = -3*c - 8. Suppose -5*h + 2*y + g = -7, 0 = 2*h - y - 13. Calculate the greatest common factor of h and 72.
8
Let d(l) = -4*l**2 - 2*l + 1. Let h be d(1). Let w = 9 + h. Suppose 60 = 5*b + 5*m, -m + 2*m = w*b - 68. Calculate the highest common divisor of 8 and b.
8
Let x be (16/(-12))/(4/(-24)). Calculate the greatest common factor of 8 and x.
8
Let l = -1075 + 1086. What is the greatest common factor of l and 88?
11
Let i(w) = 2*w**2 - 13*w. Let f be i(8). What is the highest common factor of 56 and f?
8
Let z(o) = 3*o**2 + 24*o - 7. Let x be z(-11). Let k(f) = -f**3 - 11*f**2 + 9*f + 10. Let d be k(-12). What is the greatest common divisor of d and x?
46
Let c be 4/(-7) - (-4)/((-56)/(-134)). Calculate the highest common factor of 39 and c.
3
Let u = 7 - 4. Let m be u + 0 - (11 - 89). Suppose -5*j = -46 + 1. Calculate the greatest common divisor of m and j.
9
Let c(b) = -3*b + 37. Let s be c(12). Suppose u + 17 = 3*t, 0 = 4*u - s - 3. Calculate the highest common factor of t and 78.
6
Let u = 465 + -435. Calculate the highest common divisor of u and 240.
30
Let h be (-1)/1 + 7 + 2. Let d be 555/333 - (-110)/6. What is the greatest common factor of h and d?
4
Suppose 29 = 2*b + 9. Suppose 4*y - 10*y + 24 = 0. Suppose -375 = -y*l + 5*c - 0*c, 2*c + 96 = l. Calculate the greatest common divisor of l and b.
10
Let g(t) = -21*t**3 - t**2 + t + 1. Suppose -8 = 2*d + 3*f, -3*f - 8 = -2*d + 2*f. Let i be g(d). Calculate the highest common factor of 4 and i.
4
Let o(t) = 7 - 3*t - 20 - 29. Let f be o(-18). Calculate the greatest common factor of f and 66.
6
Suppose -4*x - 338 = -7*x - 2*i, -534 = -5*x + 4*i. Suppose -5*r = 4*j - 30, 2*j + r = 13 + 5. What is the highest common divisor of x and j?
10
Suppose -h + 2 = -6. Let t(p) = -p**2 + 8*p + 6. Let q be t(h). Let s be (-3)/2*(-4)/q. Calculate the highest common factor of s and 9.
1
Let y be ((-60)/(-14))/((-10)/(-70)). Let o = -25 + y. Suppose h = -2*h + 165. Calculate the greatest common factor of o and h.
5
Let w(s) = 9*s**2 - 3*s + 5. Let d = 37 + -36. Let z be w(d). Calculate the highest common factor of 33 and z.
11
Suppose 3*q - 2*l - 148 = -q, q - 5*l = 46. Suppose 5*d - q = 2*d. What is the highest common divisor of d and 132?
12
Let c be (-1 - 2) + 11 + 7. Let u = 25 - c. Suppose -u*h + 11*h = 12. What is the greatest common factor of 4 and h?
4
Let w be 1082/(-10) - (180/(-25) - -7). Let b = 165 + w. Calculate the greatest common factor of 76 and b.
19
Let n = 5 - 0. Suppose l - x + 5*x = 225, n*x + 207 = l. What is the greatest common divisor of l and 31?
31
Suppose u - 84 = -6*u. Suppose -u = q - 4*f - 60, f = 0. Calculate the greatest common factor of 12 and q.
12
Let l = 6 - 3. Suppose 0 = -l*y - 0*y + 24. Let c be 272/80 - 6/(-10) - -28. Calculate the greatest common divisor of y and c.
8
Let i be 13 - (-3 - (1 - -1)/(-2)). What is the highest common divisor of i and 60?
15
Suppose 265 = 268*q - 263*q. Let x be 2*q + -1 + 3. What is the highest common factor of x and 9?
9
Suppose -4*r + 1 = -7. Let q(c) = 0 - 32*c**3 + 18*c - 7*c - 11*c**r + 33*c**3 + 4. Let a be q(10). What is the greatest common divisor of a and 21?
7
Let g(p) = p**3 + 15*p**2 + 12*p - 22. Let l be g(-14). Suppose l*v = -3*v + 234. Calculate the highest common factor of v and 156.
26
Let w = 37 + 44. What is the highest common factor of w and 3?
3
Let f be 27*(-1 + (-10)/(-6)). Let r be (-2 - -1)/((-3)/(-42)). Let w be (7/r)/(1/(-54)). What is the highest common factor of w and f?
9
Let v(c) = c**2 - 6*c + 2. Let i be v(5). Let q = i - -74. Let x = q + -47. Calculate the greatest common divisor of x and 24.
24
Suppose -q + 12 = 5*v, -4*q = -2*v + 1 + 17. Suppose -5*y + 112 = -y + u, u - 139 = -5*y. What is the greatest common divisor of v and y?
3
Let f = -370 + 650. What is the greatest common divisor of 60 and f?
20
Suppose -y = -7*i + 75, 0 = i + 4*i + 5*y - 25. Calculate the greatest common divisor of 9 and i.
1
Suppose -8*y + 3*y = -3*d + 957, 5*d - y = 1617. Calculate the greatest common factor of d and 36.
36
Suppose 51 = 3*j - 5*c, 17*j + 3*c = 16*j + 3. What is the highest common divisor of j and 192?
12
Suppose -4*b = -20, 0 = 3*k + 2*k + 5*b - 40. Suppose 4*t + 23 = -4*g - 5, t = -k. Let m be 5 - ((g 